he value of (3 + -5 - 47) + (-58 + 96 - (1 - -23))?
-35
What is the value of -94 + 2 + 71 + -15?
-36
What is the value of -26 + 15 + -2 + 1 - (-23 + -14)?
25
What is -42 - 83 - -56 - -37?
-32
-48 - -88 - (12 + 25)
3
Calculate 26 + (-917 - -940) + 8 + 2.
59
What is the value of -13 + -20 + 26 - (-12 - -59)?
-54
Evaluate (9 - 1) + -86 + 68 - (15 - -10).
-35
Evaluate -1003 + 1007 + ((2 - 4) + -2 - 5) + 4.
-1
Calculate (-1 + 21 - 1) + 13037 + -13104.
-48
Evaluate (1489 - 1489) + (-1 - (-4 - -2)).
1
Evaluate ((25 - 19) + -45 - -6) + -75.
-108
What is the value of -1115 - -1112 - (3 + -2 + (-4 - -3) + -25)?
22
Evaluate (-11 - (18 - 32)) + -39 - 22.
-58
What is the value of -15 + (-59 - (21 - 77)) + -1 + -18?
-37
-46 + (-68 - -12 - -135)
33
What is 35 + (38 - -40 - 134)?
-21
-40 - (-54 - -62 - (20 - (10 + (1 - 7))))
-32
-18 + 52 - (70 - -11)
-47
What is -61 + (-2 - (-45 + 24) - (2 - -2))?
-46
What is the value of (0 + -5 + 13 - 51) + (-13 - -1)?
-55
What is -1 + 76 - (-69 + 63 - (-4 - 24))?
53
Evaluate (427 - 414) + (3 + -2 - 15) + 17.
16
Calculate -15 + 10 - (43 - (16 + -7)).
-39
(-2 - (-50 + -16)) + -61
3
Calculate -100 + 16 - 13 - 7.
-104
Calculate -65 + (14 + -22 + 16 - (-3 - 0)).
-54
What is the value of -17 - 2 - (-260 - -174)?
67
Evaluate 2 + -13 + (42 - -16) + -77 - -19.
-11
(94 - 89) + 197 + -64
138
What is the value of 11 - (-4 + 6) - (2 - -23)?
-16
(75 - 28) + -13 + (-210 - -30)
-146
Evaluate -27 - (34 - (40 + -28) - -2).
-51
What is 48 + -1 - 1 - (-134 + 177 + -47)?
50
3 - (-2 + 7 + 43) - (0 + 5 - 14)
-36
40 + -43 + (0 - (29 + -33 + 1 + -29))
29
Evaluate -1786 + 1765 - ((0 + 66 - 1) + -2).
-84
Calculate -39 + -3 + 13 + -2 + -9 - (6 - -6).
-52
Evaluate -6 + (12 - -4) - (75 - (-4 - (5 - 10))).
-64
What is the value of 65 + -79 - (9 + (-3 - 19 - -7))?
-8
Evaluate -3 - ((13 - (11 - 8 - -14)) + -6).
7
-19 + -110 + -15 + 1 + -3 + 0 + 1
-145
-1 + -172 - (136 - (-131 - -292))
-148
(-11 - -30 - -28 - 44) + -64
-61
(164 - 76) + (1 - (14 - (-1 - -9)))
83
Evaluate (-13 + 15 + -3 - 14) + 17.
2
Evaluate -1 + 22 + 0 - (5 - (61 + -34 + -30)).
13
Evaluate 44 - (39 + (19 - 98)) - (-4 + 2 + 1).
85
Evaluate 275 + -198 + (-165 - -30).
-58
Calculate 1 + -52 + (35 + -48 - -11).
-53
Calculate -32 + 17 + (2 - 20) - -19.
-14
What is 5 + -5 + 18 + (-229 - -226)?
15
What is the value of -17 + 50 + (38 - 85) + -20 + -2 + 3?
-33
Evaluate 511 + -498 - (7 + 2 + -12 + (-1 - -7)).
10
Evaluate (-2 + 0 - (5 + -4)) + (-34 - (-2 + -6)).
-29
(1 - -2) + (-11 - -14) + (26 - 24) - -10
18
Evaluate -1 - (45 - (30 - (23 - -28))).
-67
Calculate 43 + -100 - 13 - -49.
-21
-2 - (4 - (59 - (3 - 7))) - (63 - 63)
57
What is 1 + 8 - (52 + (-12 - (1 + -7))) - 7?
-44
What is the value of (10 + 22 - (49 + 80)) + (0 - -9)?
-88
4 + -1 - 150 - -4 - (1949 + -1960)
-132
Evaluate 15 - (24 + 15 + (4 - -1 - 35)).
6
2 - (1 + -1 + 10) - (-113 - -79)
26
What is the value of -10419 + 10446 + (1 - -11)?
39
What is the value of (15 + -10 - -1 - 5) + (-40 - 0)?
-39
What is the value of -22 + 11 + -22 + -5 + (-5 - 2)?
-45
What is the value of 11 - (33 + -31) - (-40 + -5 + 5)?
49
Calculate -1 + 4 - (1 + 21 + 14 + 25).
-58
What is (5 - 13) + -34 + -1 + 6 + -13?
-50
Evaluate (123 - 6) + (4 - -8) + 0 + (0 - 18).
111
What is (35 - 23) + (9 - (9 + -61)) - 3?
70
What is (1 - 23) + (-9 - -23) + 30?
22
Evaluate -417 - -313 - (0 + -82).
-22
Evaluate (39 - (-1 - -12 - -10)) + -14.
4
Calculate -34 + (-21 + 4 - (43 + -76)).
-18
Evaluate 11 + -9 + (-33 - (13 + -8 + -6)).
-30
Evaluate -43 - -27 - 50 - -42.
-24
Calculate 99 + (-152 + 43 - -102).
92
What is -15 + 14 + (-29 - -18) - -52?
40
Calculate -97 + -10 + 8 - (49 + 0 - 39).
-109
-2 + (-5 - -12) + -2 + (-53 + 81 - 108)
-77
What is the value of -4 + 43 + 10 + -17 + 9 + (0 - -5)?
46
What is the value of (119 - (103 - 69)) + -2 + -34?
49
(-8 - (40 + -28 + 8)) + 68
40
Calculate (21 - 29) + -3 + 17 + (1 - -49) + 8.
64
Evaluate (-47245 - -47245) + -2 + (0 + -2 - -1).
-3
10 - (13 + -29 + -13 + 2 + -2)
39
What is the value of 2 - 76 - (7628 + -7635)?
-67
What is the value of -5 + 15 + (-31 - -55)?
34
Evaluate (64 - 54) + (4 - (6 + -23)).
31
Calculate (-19 - -17) + (-15 - (-34 + -12) - 13).
16
What is 57 + 40 + -113 - -1?
-15
(-93 + 13 - -29) + 12 - (-12 + 1 - -2)
-30
What is the value of (-56 + -1 - (80 + -44 + -23)) + 7 + -3?
-66
(-158 - -201) + (7 - -1) + 0 + -6
45
Calculate -109 - (83 - 232) - (-39 + 3).
76
What is the value of (142 - 127) + 5 + 8 + -2 + -104?
-78
Evaluate 1 + 9 + -1 - ((-93 - -61) + 36).
5
-72 - (-103 + 36) - (4 - 41)
32
What is -93 + (121 - 84 - 97)?
-153
Calculate -36 + (-3 - (-21 - -3)) - -47.
26
What is -60 - ((51 - 154) + 12)?
31
Calculate 8 + -8 + -13 + 14 + -33 + (4 - 0).
-28
What is -110 - ((7 + 2 - -1) + -38)?
-82
Evaluate -2 - (6 + -4 + (-17 + 88 - 9)).
-66
Calculate (4 - (9 - -9)) + -6 - (-3 + -68).
51
Evaluate -418 - -385 - (0 + 5 + 1 - -1).
-40
What is (-1 - 0 - 3) + (29 - (180 + -105))?
-50
What is the value of -11 + (-46 + 55 - 13)?
-15
-3 - (-5 + -15) - (-25 - -52)
-10
Evaluate -21 + 15 + 32 + -9.
17
63 + -17 + 8 + -131
-77
What is the value of 1 + -2 + -52 + 44 - (30 + 0)?
-39
What is the value of -52 + (18 - -78 - 36)?
8
Evaluate (0 - (-2 + -14)) + (1 - -28) + -40 + -23.
-18
29 + (-11 - 5) + 6
19
Calculate 1 - -17 - (3 - (-8 + 22 + -22)).
7
What is the value of -10 + 1 + (155 - 155)?
-9
Evaluate (-31 + 67 + -12 - 16) + -1 + -6.
1
9 - (9 + -21) - 32
-11
(165 - 151) + (-64 - (-5 - (2 + -2)))
-45
Evaluate 43 + (-49 - (6 + -63)).
51
-105 - (-135 + 103 + -59)
-14
(-35 + 26 - -38) + -22 + 1 + (-1 - 29)
-22
Calculate 22 - (-19 - -17 - -23) - 2.
-1
Calculate -1 + (-21 + 26 - 21) - 14.
-31
Evaluate 60 + 4 + -44 - 16.
4
Calculate -1 + 1 + -6 + (396 - 386) + 41.
45
Evaluate 3 - 10 - ((-9 - (13 + -26)) + (0 - 29)).
18
What is the value of (35 - 39 - 37) + 56?
15
Calculate -34 - (-42 - 0 - 9).
17
(70 - 2 - (-3 + 6)) + 10 + -23
52
-2 - -3 - (2 + -7 - -12) - (26 + 22)
-54
Calculate 9 - -53 - (24 + -11 - 6).
55
-32 + 52 - 64 - -79
35
-3 + -24 + -31 + 22
-36
What is -17 + 21 + -43 + 6 + 3 - -11?
-19
What is the value of 6 - (-10 - 3 - (472 + -460))?
31
-62 + (-32 - -69) + 54
29
Evaluate -19 + (111 - (21 - -86)).
-15
Evaluate (10 - -145) + (-644 - -548).
59
(-2 - (-5 + 74)) + 670 + -671
-72
Calculate 2 + (-1 + 18 - (76 - 67)) + -3 + -43.
-36
(-39 - -2) + (-8 - ((66 - 77) + (15 - 1)))
-48
What is -75 - (24 - (49 + -76))?
-126
Evaluate -47 + (59 - 7) + -30.
-25
Evaluate (-6 - -1) + 129 + (-83 - 16 - -51).
76
(0 - -3) + -8 + (-905 - -955)
45
(1 + 5 - 6) + (-4 - 33) - -9
-28
What is (-281 - -295) + (-1 - (14 - 5)) - -74?
78
What is the value of -84 - (-40 + 43 + -1 + -48)?
-38
-112 - (22 + (32 - 47 - 25))
-94
Calculate -16 - -33 - (-7 - 21).
45
Calculate 20 - 8 - (8 + -6 - 3 - 11).
24
(1924 - 1925) + (1 - (3 - 2)) + -41
-42
What is the value of -14 + 7 + (11 + (22 - 9) + -17 - 99)?
-99
Calculate (38 - 119 - -289) + -96.
112
Calculate 6 + 1 + (-3 + (-2 - -3) - 55) - -7.
-43
Evaluate -42 + (20 - 41) + -38 - 8.
-109
Calculate (31 - -12) + -205 + 89.
-73
Evaluate -45 - (-42 - 69) - 66.
0
0 - 48 - (-822 - -820)
-46
Calculate 90 + -71 - (-11 + 1) - (13 + -23 + 16).
23
What is the value of -17 - ((58 - 73) + (-5 - 0)) - -46?
49
Calculate 52 + -3 - ((-5 + 8 - 7) + (38 - 30)).
45
Evaluate 3 + -1 - (10 + 1) - (-20 + -9 + 16).
4
-55 + (-115 - -180) - (0 - -1 - 29)
38
What is 46 + -33 + -49 + (-10 - -7) + -7?
-46
What is 37 - 53 - (24 + -5)?
-35
-64 + (140 + -29 - -45)
92
Calculate -37 + 24 + 19 + -3 + 30.
33
-11 - ((144 - 11) + -3 + -28)
-113
0 + -4 - (-71 - (13 + -124))
-44
Calculate (21 - 37 - -54) + -58 + 47.
27
What is the value of -6 + 18 + (-10 - -1 - (22 + 6))?
-25
What is the value of (128 - 16) + -220 - -56?
-52
What is the value of 18 + -33 + 12 + -15 - -44?
26
Evaluate -21 + ((-3 - 2) + -8 - (7 + 0 + -19)).
-22
What is the value of 60 - (3 + 1) - (-7 - (-15 + -1) - -2)?
45
Evaluate (72 - 64) + 14 + -3.
19
What is 4 + -37 - (-7 - (-2 - 3 - 1))?
-32
Evaluate (2 - 10 - 1) + (-161 - -350 - 207).
-27
-124 - (32 + -95 + 20)
-81
What is -26 - (-3 - (-4 + 2 - -10)) - -64?
49
What is (-4 - -2) + 45 - 47 - 144?
-148
Calculate 4 - 1 - (-2 + -1) - (-17 - (92 + -198)).
-83
118 + (107 + -114 - (-5 - (-15 + 1 - -2)))
104
Calculate (2990 - 2988) + (-58 - -1).
-55
What is -